{"id":7568,"date":"2022-09-23T17:30:34","date_gmt":"2022-09-23T15:30:34","guid":{"rendered":"https:\/\/www.ilove.rio\/?page_id=7568"},"modified":"2023-05-09T19:26:56","modified_gmt":"2023-05-09T17:26:56","slug":"team","status":"publish","type":"page","link":"https:\/\/www.ilove.rio\/fr\/team\/","title":{"rendered":"\u00c9quipe"},"content":{"rendered":"<div data-elementor-type=\"wp-page\" data-elementor-id=\"7568\" class=\"elementor elementor-7568\">\n\t\t\t\t\t\t\t\t\t<section class=\"elementor-section elementor-top-section elementor-element elementor-element-246dc922 elementor-section-height-min-height elementor-section-boxed elementor-section-height-default elementor-section-items-middle\" data-id=\"246dc922\" data-element_type=\"section\" data-settings=\"{&quot;background_background&quot;:&quot;slideshow&quot;,&quot;background_slideshow_gallery&quot;:[{&quot;id&quot;:4342,&quot;url&quot;:&quot;https:\\\/\\\/www.ilove.rio\\\/wp-content\\\/uploads\\\/2021\\\/12\\\/Bandeau-top-Mur-du-son-1600x600-1.jpg&quot;},{&quot;id&quot;:4340,&quot;url&quot;:&quot;https:\\\/\\\/www.ilove.rio\\\/wp-content\\\/uploads\\\/2021\\\/12\\\/Bandeau-top-Lula-musica-1600x600-1.jpg&quot;},{&quot;id&quot;:4338,&quot;url&quot;:&quot;https:\\\/\\\/www.ilove.rio\\\/wp-content\\\/uploads\\\/2021\\\/12\\\/Bandeau-top-flagcrowd-1600x600-1.jpg&quot;}],&quot;background_slideshow_ken_burns&quot;:&quot;yes&quot;,&quot;shape_divider_bottom&quot;:&quot;waves&quot;,&quot;background_slideshow_loop&quot;:&quot;yes&quot;,&quot;background_slideshow_slide_duration&quot;:5000,&quot;background_slideshow_slide_transition&quot;:&quot;fade&quot;,&quot;background_slideshow_transition_duration&quot;:500,&quot;background_slideshow_ken_burns_zoom_direction&quot;:&quot;in&quot;}\">\n\t\t\t\t\t\t\t<div class=\"elementor-background-overlay\"><\/div>\n\t\t\t\t\t\t<div class=\"elementor-shape elementor-shape-bottom\" data-negative=\"false\">\n\t\t\t<svg xmlns=\"http:\/\/www.w3.org\/2000\/svg\" viewbox=\"0 0 1000 100\" preserveaspectratio=\"none\">\n\t<path class=\"elementor-shape-fill\" d=\"M421.9,6.5c22.6-2.5,51.5,0.4,75.5,5.3c23.6,4.9,70.9,23.5,100.5,35.7c75.8,32.2,133.7,44.5,192.6,49.7\tc23.6,2.1,48.7,3.5,103.4-2.5c54.7-6,106.2-25.6,106.2-25.6V0H0v30.3c0,0,72,32.6,158.4,30.5c39.2-0.7,92.8-6.7,134-22.4\tc21.2-8.1,52.2-18.2,79.7-24.2C399.3,7.9,411.6,7.5,421.9,6.5z\"\/>\n<\/svg>\t\t<\/div>\n\t\t\t\t\t<div class=\"elementor-container elementor-column-gap-no\">\n\t\t\t\t\t<div class=\"elementor-column elementor-col-100 elementor-top-column elementor-element elementor-element-6c022c76\" data-id=\"6c022c76\" data-element_type=\"column\">\n\t\t\t<div class=\"elementor-widget-wrap elementor-element-populated\">\n\t\t\t\t\t\t\t\t<div class=\"elementor-element elementor-element-5a872c17 elementor-widget elementor-widget-heading\" data-id=\"5a872c17\" data-element_type=\"widget\" data-widget_type=\"heading.default\">\n\t\t\t\t<div class=\"elementor-widget-container\">\n\t\t\t<style>\/*! elementor - v3.12.1 - 02-04-2023 *\/\n.elementor-heading-title{padding:0;margin:0;line-height:1}.elementor-widget-heading .elementor-heading-title[class*=elementor-size-]>a{color:inherit;font-size:inherit;line-height:inherit}.elementor-widget-heading .elementor-heading-title.elementor-size-small{font-size:15px}.elementor-widget-heading .elementor-heading-title.elementor-size-medium{font-size:19px}.elementor-widget-heading .elementor-heading-title.elementor-size-large{font-size:29px}.elementor-widget-heading .elementor-heading-title.elementor-size-xl{font-size:39px}.elementor-widget-heading .elementor-heading-title.elementor-size-xxl{font-size:59px}<\/style><h2 class=\"elementor-heading-title elementor-size-default\">A TEMPS<\/h2>\t\t<\/div>\n\t\t\t\t<\/div>\n\t\t\t\t\t<\/div>\n\t\t<\/div>\n\t\t\t\t\t\t\t<\/div>\n\t\t<\/section>\n\t\t\t\t<section class=\"elementor-section elementor-top-section elementor-element elementor-element-39a3800 elementor-section-boxed elementor-section-height-default elementor-section-height-default\" data-id=\"39a3800\" data-element_type=\"section\">\n\t\t\t\t\t\t<div class=\"elementor-container elementor-column-gap-default\">\n\t\t\t\t\t<div class=\"elementor-column elementor-col-50 elementor-top-column elementor-element elementor-element-b0ff4f4\" data-id=\"b0ff4f4\" data-element_type=\"column\">\n\t\t\t<div class=\"elementor-widget-wrap elementor-element-populated\">\n\t\t\t\t\t\t\t\t<div class=\"elementor-element elementor-element-b9516df elementor-widget elementor-widget-image\" data-id=\"b9516df\" data-element_type=\"widget\" data-widget_type=\"image.default\">\n\t\t\t\t<div class=\"elementor-widget-container\">\n\t\t\t<style>\/*! elementor - v3.12.1 - 02-04-2023 *\/\n.elementor-widget-image{text-align:center}.elementor-widget-image a{display:inline-block}.elementor-widget-image a img[src$=\".svg\"]{width:48px}.elementor-widget-image img{vertical-align:middle;display:inline-block}<\/style>\t\t\t\t\t\t\t\t\t\t\t\t<img loading=\"lazy\" decoding=\"async\" width=\"1734\" height=\"2560\" src=\"https:\/\/www.ilove.rio\/wp-content\/uploads\/2022\/09\/Jose\u0301_R004891-scaled.jpeg\" class=\"attachment-full size-full wp-image-7578\" alt=\"\" srcset=\"https:\/\/www.ilove.rio\/wp-content\/uploads\/2022\/09\/Jose\u0301_R004891-scaled.jpeg 1734w, https:\/\/www.ilove.rio\/wp-content\/uploads\/2022\/09\/Jose\u0301_R004891-203x300.jpeg 203w, https:\/\/www.ilove.rio\/wp-content\/uploads\/2022\/09\/Jose\u0301_R004891-694x1024.jpeg 694w, https:\/\/www.ilove.rio\/wp-content\/uploads\/2022\/09\/Jose\u0301_R004891-768x1134.jpeg 768w, https:\/\/www.ilove.rio\/wp-content\/uploads\/2022\/09\/Jose\u0301_R004891-1041x1536.jpeg 1041w, https:\/\/www.ilove.rio\/wp-content\/uploads\/2022\/09\/Jose\u0301_R004891-1387x2048.jpeg 1387w, https:\/\/www.ilove.rio\/wp-content\/uploads\/2022\/09\/Jose\u0301_R004891-8x12.jpeg 8w\" sizes=\"auto, (max-width: 1734px) 100vw, 1734px\" title=\"\">\t\t\t\t\t\t\t\t\t\t\t\t\t\t\t<\/div>\n\t\t\t\t<\/div>\n\t\t\t\t\t<\/div>\n\t\t<\/div>\n\t\t\t\t<div class=\"elementor-column elementor-col-50 elementor-top-column elementor-element elementor-element-2b552d3\" data-id=\"2b552d3\" data-element_type=\"column\">\n\t\t\t<div class=\"elementor-widget-wrap elementor-element-populated\">\n\t\t\t\t\t\t\t\t<div class=\"elementor-element elementor-element-dffd2c7 elementor-widget elementor-widget-text-editor\" data-id=\"dffd2c7\" data-element_type=\"widget\" data-widget_type=\"text-editor.default\">\n\t\t\t\t<div class=\"elementor-widget-container\">\n\t\t\t<style>\/*! elementor - v3.12.1 - 02-04-2023 *\/\n.elementor-widget-text-editor.elementor-drop-cap-view-stacked .elementor-drop-cap{background-color:#69727d;color:#fff}.elementor-widget-text-editor.elementor-drop-cap-view-framed .elementor-drop-cap{color:#69727d;border:3px solid;background-color:transparent}.elementor-widget-text-editor:not(.elementor-drop-cap-view-default) .elementor-drop-cap{margin-top:8px}.elementor-widget-text-editor:not(.elementor-drop-cap-view-default) .elementor-drop-cap-letter{width:1em;height:1em}.elementor-widget-text-editor .elementor-drop-cap{float:left;text-align:center;line-height:1;font-size:50px}.elementor-widget-text-editor .elementor-drop-cap-letter{display:inline-block}<\/style>\t\t\t\t<p><b>Djay \u00c7arav\u00e1 alias Jos\u00e9<\/b><\/p><p>Djay \u00c7arav\u00e1 est un producteur, programmateur musical et chercheur Br\u00e9silien autodidacte, bas\u00e9 \u00e0 Paris. Depuis quelques ann\u00e9es, il fait bouger les parisien(ne)s passionn\u00e9(e)s de musique tropicale. Il a notamment fait la premi\u00e8re partie du concert de la chanteuse Renata Rosa \u00e0 Paris en juillet de 2022. DJ du Carnaval Sarava au Pradet en 2020, ou encore DJ du Grand Carnaval du Br\u00e9sil au Cabaret Sauvage en 2022, ou DJ au Festival Fabrique au Hasard Ludique en 2022... DJ \u00c7arav\u00e1 est pass\u00e9 par des lieux renomm\u00e9s comme La Favela Chic, le Chinois de Montreuil, l'Alimentation G\u00e9n\u00e9rale, Punk Paradise, One More, Le Point \u00c9ph\u00e9m\u00e8re, La Petite Halle de La Villette, La Java ou encore Le Studio de l'Ermitage.<\/p><p>Son set est compos\u00e9 principalement par des sons afro-br\u00e9siliens, afrogrooves dionysiaques, et par des nouveaut\u00e9s de la musique br\u00e9silienne actuelle.<\/p><p><span style=\"color: var( --e-global-color-text ); font-family: var( --e-global-typography-text-font-family ); font-size: var( --e-global-typography-text-font-size ); font-weight: var( --e-global-typography-text-font-weight );\">Il a produit les derniers concerts d'un grand Guitariste br\u00e9silien en Europe, Mario Bakuna \u00e0 Paris ; \u00e9galement les instrumentistes Dinho Nogueira e Z\u00e9 Barbeiro, mais aussi le concert du Guitariste Br\u00e9silien Michael Chaves et de la Pianiste et chanteuse br\u00e9silienne bas\u00e9e \u00e0 New York, Clarice Assadde. En 2019 il s'occupe de la production, au Studio de l'Ermitage, du concert de la chanteuse Flavia Bittencourt. Il a travaill\u00e9 avec Beto Souza, ex-membre du groupe mythique au Br\u00e9sil, Trio Nordestino. Il a \u00e9galement travaill\u00e9 dans la production du Festival America Connections, qui a eu lieu en 2017 o\u00f9 a jou\u00e9 Flavia Coelho et La Yegros.<\/span><\/p><p>Djay \u00c7arav\u00e1 rejoint en 2022 l'\u00e9quipe de Paul-in-Rio \u00e9diteur du m\u00e9dia musical ILOVE.RIO et des webradios : Paul-in-Rio, Blue Bossa Nova et I Love Rio. Il apporte sa griffe et son expertise aux programmations musicales et il produit des \u00e9missions th\u00e9matiques.<\/p><p>\u00a0<\/p><p><u>Quelques liens pour suivre Djay \u00c7arav\u00e1 :<\/u><\/p><p><a href=\"https:\/\/www.mixcloud.com\/ZeKalik\/\u00e7arav\u00e1c-cin\u00e9-mixtape-paris-summer\/\" target=\"_blank\" rel=\"noopener nofollow\">https:\/\/www.mixcloud.com\/ZeKalik\/\u00e7arav\u00e1c-cin\u00e9-mixtape-paris-summer\/<\/a><\/p><p><a href=\"https:\/\/www.instagram.com\/djaycarava\/\" target=\"_blank\" rel=\"noopener nofollow\">https:\/\/www.instagram.com\/djaycarava\/<\/a><\/p><p><a href=\"https:\/\/linktr.ee\/carava\" target=\"_blank\" rel=\"noopener nofollow\">https:\/\/linktr.ee\/carava<\/a><\/p>\t\t\t\t\t\t<\/div>\n\t\t\t\t<\/div>\n\t\t\t\t\t<\/div>\n\t\t<\/div>\n\t\t\t\t\t\t\t<\/div>\n\t\t<\/section>\n\t\t\t\t\t\t\t<\/div>","protected":false},"excerpt":{"rendered":"<p>A TIME Djay \u00c7arav\u00e1 aka Jos\u00e9 Djay \u00c7arav\u00e1 est un producteur, programmateur musical et chercheur Br\u00e9silien autodidacte, bas\u00e9 \u00e0 Paris. Depuis quelques ann\u00e9es, il fait bouger les parisien(ne)s passionn\u00e9(e)s de musique tropicale. Il a notamment fait la premi\u00e8re partie du concert de la chanteuse Renata Rosa \u00e0\u00a0 Paris en juillet de 2022. DJ du Carnaval [&hellip;]<\/p>","protected":false},"author":2,"featured_media":0,"parent":0,"menu_order":0,"comment_status":"closed","ping_status":"closed","template":"","meta":{"footnotes":""},"class_list":["post-7568","page","type-page","status-publish","hentry"],"acf":[],"_links":{"self":[{"href":"https:\/\/www.ilove.rio\/fr\/wp-json\/wp\/v2\/pages\/7568","targetHints":{"allow":["GET"]}}],"collection":[{"href":"https:\/\/www.ilove.rio\/fr\/wp-json\/wp\/v2\/pages"}],"about":[{"href":"https:\/\/www.ilove.rio\/fr\/wp-json\/wp\/v2\/types\/page"}],"author":[{"embeddable":true,"href":"https:\/\/www.ilove.rio\/fr\/wp-json\/wp\/v2\/users\/2"}],"replies":[{"embeddable":true,"href":"https:\/\/www.ilove.rio\/fr\/wp-json\/wp\/v2\/comments?post=7568"}],"version-history":[{"count":4,"href":"https:\/\/www.ilove.rio\/fr\/wp-json\/wp\/v2\/pages\/7568\/revisions"}],"predecessor-version":[{"id":8902,"href":"https:\/\/www.ilove.rio\/fr\/wp-json\/wp\/v2\/pages\/7568\/revisions\/8902"}],"wp:attachment":[{"href":"https:\/\/www.ilove.rio\/fr\/wp-json\/wp\/v2\/media?parent=7568"}],"curies":[{"name":"wp","href":"https:\/\/api.w.org\/{rel}","templated":true}]}}

Équipe

<div data-elementor-type="wp-page" data-elementor-id="7568" class="elementor elementor-7568">
									<section class="elementor-section elementor-top-section elementor-element elementor-element-246dc922 elementor-section-height-min-height elementor-section-boxed elementor-section-height-default elementor-section-items-middle" data-id="246dc922" data-element_type="section" data-settings="{&quot;background_background&quot;:&quot;slideshow&quot;,&quot;background_slideshow_gallery&quot;:[{&quot;id&quot;:4342,&quot;url&quot;:&quot;https:\/\/www.ilove.rio\/wp-content\/uploads\/2021\/12\/Bandeau-top-Mur-du-son-1600x600-1.jpg&quot;},{&quot;id&quot;:4340,&quot;url&quot;:&quot;https:\/\/www.ilove.rio\/wp-content\/uploads\/2021\/12\/Bandeau-top-Lula-musica-1600x600-1.jpg&quot;},{&quot;id&quot;:4338,&quot;url&quot;:&quot;https:\/\/www.ilove.rio\/wp-content\/uploads\/2021\/12\/Bandeau-top-flagcrowd-1600x600-1.jpg&quot;}],&quot;background_slideshow_ken_burns&quot;:&quot;yes&quot;,&quot;shape_divider_bottom&quot;:&quot;waves&quot;,&quot;background_slideshow_loop&quot;:&quot;yes&quot;,&quot;background_slideshow_slide_duration&quot;:5000,&quot;background_slideshow_slide_transition&quot;:&quot;fade&quot;,&quot;background_slideshow_transition_duration&quot;:500,&quot;background_slideshow_ken_burns_zoom_direction&quot;:&quot;in&quot;}">
							<div class="elementor-background-overlay"></div>
						<div class="elementor-shape elementor-shape-bottom" data-negative="false">
			<svg xmlns="http://www.w3.org/2000/svg" viewbox="0 0 1000 100" preserveaspectratio="none">
	<path class="elementor-shape-fill" d="M421.9,6.5c22.6-2.5,51.5,0.4,75.5,5.3c23.6,4.9,70.9,23.5,100.5,35.7c75.8,32.2,133.7,44.5,192.6,49.7	c23.6,2.1,48.7,3.5,103.4-2.5c54.7-6,106.2-25.6,106.2-25.6V0H0v30.3c0,0,72,32.6,158.4,30.5c39.2-0.7,92.8-6.7,134-22.4	c21.2-8.1,52.2-18.2,79.7-24.2C399.3,7.9,411.6,7.5,421.9,6.5z"/>
</svg>		</div>
					<div class="elementor-container elementor-column-gap-no">
					<div class="elementor-column elementor-col-100 elementor-top-column elementor-element elementor-element-6c022c76" data-id="6c022c76" data-element_type="column">
			<div class="elementor-widget-wrap elementor-element-populated">
								<div class="elementor-element elementor-element-5a872c17 elementor-widget elementor-widget-heading" data-id="5a872c17" data-element_type="widget" data-widget_type="heading.default">
				<div class="elementor-widget-container">
			<style>/*! elementor - v3.12.1 - 02-04-2023 */
.elementor-heading-title{padding:0;margin:0;line-height:1}.elementor-widget-heading .elementor-heading-title[class*=elementor-size-]>a{color:inherit;font-size:inherit;line-height:inherit}.elementor-widget-heading .elementor-heading-title.elementor-size-small{font-size:15px}.elementor-widget-heading .elementor-heading-title.elementor-size-medium{font-size:19px}.elementor-widget-heading .elementor-heading-title.elementor-size-large{font-size:29px}.elementor-widget-heading .elementor-heading-title.elementor-size-xl{font-size:39px}.elementor-widget-heading .elementor-heading-title.elementor-size-xxl{font-size:59px}</style><h2 class="elementor-heading-title elementor-size-default">A TEMPS</h2>		</div>
				</div>
					</div>
		</div>
							</div>
		</section>
				<section class="elementor-section elementor-top-section elementor-element elementor-element-39a3800 elementor-section-boxed elementor-section-height-default elementor-section-height-default" data-id="39a3800" data-element_type="section">
						<div class="elementor-container elementor-column-gap-default">
					<div class="elementor-column elementor-col-50 elementor-top-column elementor-element elementor-element-b0ff4f4" data-id="b0ff4f4" data-element_type="column">
			<div class="elementor-widget-wrap elementor-element-populated">
								<div class="elementor-element elementor-element-b9516df elementor-widget elementor-widget-image" data-id="b9516df" data-element_type="widget" data-widget_type="image.default">
				<div class="elementor-widget-container">
			<style>/*! elementor - v3.12.1 - 02-04-2023 */
.elementor-widget-image{text-align:center}.elementor-widget-image a{display:inline-block}.elementor-widget-image a img[src$=".svg"]{width:48px}.elementor-widget-image img{vertical-align:middle;display:inline-block}</style>												<img loading="lazy" decoding="async" width="1734" height="2560" src="https://www.ilove.rio/wp-content/uploads/2022/09/José_R004891-scaled.jpeg" class="attachment-full size-full wp-image-7578" alt="" srcset="https://www.ilove.rio/wp-content/uploads/2022/09/José_R004891-scaled.jpeg 1734w, https://www.ilove.rio/wp-content/uploads/2022/09/José_R004891-203x300.jpeg 203w, https://www.ilove.rio/wp-content/uploads/2022/09/José_R004891-694x1024.jpeg 694w, https://www.ilove.rio/wp-content/uploads/2022/09/José_R004891-768x1134.jpeg 768w, https://www.ilove.rio/wp-content/uploads/2022/09/José_R004891-1041x1536.jpeg 1041w, https://www.ilove.rio/wp-content/uploads/2022/09/José_R004891-1387x2048.jpeg 1387w, https://www.ilove.rio/wp-content/uploads/2022/09/José_R004891-8x12.jpeg 8w" sizes="auto, (max-width: 1734px) 100vw, 1734px" title="">															</div>
				</div>
					</div>
		</div>
				<div class="elementor-column elementor-col-50 elementor-top-column elementor-element elementor-element-2b552d3" data-id="2b552d3" data-element_type="column">
			<div class="elementor-widget-wrap elementor-element-populated">
								<div class="elementor-element elementor-element-dffd2c7 elementor-widget elementor-widget-text-editor" data-id="dffd2c7" data-element_type="widget" data-widget_type="text-editor.default">
				<div class="elementor-widget-container">
			<style>/*! elementor - v3.12.1 - 02-04-2023 */
.elementor-widget-text-editor.elementor-drop-cap-view-stacked .elementor-drop-cap{background-color:#69727d;color:#fff}.elementor-widget-text-editor.elementor-drop-cap-view-framed .elementor-drop-cap{color:#69727d;border:3px solid;background-color:transparent}.elementor-widget-text-editor:not(.elementor-drop-cap-view-default) .elementor-drop-cap{margin-top:8px}.elementor-widget-text-editor:not(.elementor-drop-cap-view-default) .elementor-drop-cap-letter{width:1em;height:1em}.elementor-widget-text-editor .elementor-drop-cap{float:left;text-align:center;line-height:1;font-size:50px}.elementor-widget-text-editor .elementor-drop-cap-letter{display:inline-block}</style>				<p><b>Djay Çaravá alias José</b></p><p>Djay Çaravá est un producteur, programmateur musical et chercheur Brésilien autodidacte, basé à Paris. Depuis quelques années, il fait bouger les parisien(ne)s passionné(e)s de musique tropicale. Il a notamment fait la première partie du concert de la chanteuse Renata Rosa à Paris en juillet de 2022. DJ du Carnaval Sarava au Pradet en 2020, ou encore DJ du Grand Carnaval du Brésil au Cabaret Sauvage en 2022, ou DJ au Festival Fabrique au Hasard Ludique en 2022... DJ Çaravá est passé par des lieux renommés comme La Favela Chic, le Chinois de Montreuil, l'Alimentation Générale, Punk Paradise, One More, Le Point Éphémère, La Petite Halle de La Villette, La Java ou encore Le Studio de l'Ermitage.</p><p>Son set est composé principalement par des sons afro-brésiliens, afrogrooves dionysiaques, et par des nouveautés de la musique brésilienne actuelle.</p><p><span style="color: var( --e-global-color-text ); font-family: var( --e-global-typography-text-font-family ); font-size: var( --e-global-typography-text-font-size ); font-weight: var( --e-global-typography-text-font-weight );">Il a produit les derniers concerts d'un grand Guitariste brésilien en Europe, Mario Bakuna à Paris ; également les instrumentistes Dinho Nogueira e Zé Barbeiro, mais aussi le concert du Guitariste Brésilien Michael Chaves et de la Pianiste et chanteuse brésilienne basée à New York, Clarice Assadde. En 2019 il s'occupe de la production, au Studio de l'Ermitage, du concert de la chanteuse Flavia Bittencourt. Il a travaillé avec Beto Souza, ex-membre du groupe mythique au Brésil, Trio Nordestino. Il a également travaillé dans la production du Festival America Connections, qui a eu lieu en 2017 où a joué Flavia Coelho et La Yegros.</span></p><p>Djay Çaravá rejoint en 2022 l'équipe de Paul-in-Rio éditeur du média musical ILOVE.RIO et des webradios : Paul-in-Rio, Blue Bossa Nova et I Love Rio. Il apporte sa griffe et son expertise aux programmations musicales et il produit des émissions thématiques.</p><p> </p><p><u>Quelques liens pour suivre Djay Çaravá :</u></p><p><a href="https://www.mixcloud.com/ZeKalik/çaravác-ciné-mixtape-paris-summer/" target="_blank" rel="noopener nofollow">https://www.mixcloud.com/ZeKalik/çaravác-ciné-mixtape-paris-summer/</a></p><p><a href="https://www.instagram.com/djaycarava/" target="_blank" rel="noopener nofollow">https://www.instagram.com/djaycarava/</a></p><p><a href="https://linktr.ee/carava" target="_blank" rel="noopener nofollow">https://linktr.ee/carava</a></p>						</div>
				</div>
					</div>
		</div>
							</div>
		</section>
							</div>

<p>A TIME Djay Çaravá aka José Djay Çaravá est un producteur, programmateur musical et chercheur Brésilien autodidacte, basé à Paris. Depuis quelques années, il fait bouger les parisien(ne)s passionné(e)s de musique tropicale. Il a notamment fait la première partie du concert de la chanteuse Renata Rosa à  Paris en juillet de 2022. DJ du Carnaval [&hellip;]</p>
